17, 229
What are the prime factors of ((-5 - -1) + 5)/((-2)/(-56044))?
2, 14011
Suppose 2*r - 3*r = a - 11751, -4*r - 94056 = -8*a. What are the prime factors of a?
5, 2351
Let m be (-15)/(4 + -2 + -3). Suppose 0 = -2*l + 3*a + 12, -l - a = 9 - 10. Suppose -u + l*w = 2*u - 27, -3*w = -2*u + m. What are the prime factors of u?
2, 3
Let w be (-6 - 154/(-21))*-6. What are the prime factors of -12 - w - ((-3)/3 - 624)?
3, 23
Let z = -76 - -214. Let o be 5/(10/4) + 1. Suppose z = -t + o*t. List the prime factors of t.
3, 23
Suppose 4*j - 846 = -2*h, 25*j + 3*h = 23*j + 425. Let d = 435 + -305. Let n = j - d. What are the prime factors of n?
3
Let o be (-3)/(3/1047*-3) - 1. List the prime factors of o/8*((-46)/(-3) - -6).
2, 29
Let a(z) = z**3 - 2*z**2 - 4*z + 6. Suppose -8 = -3*i - 26. Let v(o) = -o - 3. Let q be v(i). List the prime factors of a(q).
3
Let h(y) = -5*y - 24 + 5*y**2 - 7*y + 12*y**2 + y**3 - 5*y**2. What are the prime factors of h(-10)?
2, 37
Let o(t) = 2*t + 13. Let h be o(-5). Suppose 0 = g + 3, -u - 2*g - h = -1. Suppose 469 = 5*x - u*q, 0 = -x + 6*q - q + 98. What are the prime factors of x?
3, 31
Let k(p) = -25 - 31 + 76*p - 243*p + 12. List the prime factors of k(-4).
2, 3, 13
Let f(x) = 2*x**2 + 2*x - 8. Let p be f(-11). Let b = -65 + p. List the prime factors of b.
3, 7
Let c(r) = -3*r**3 + 5*r**2 + 8*r - 17. Let k(j) = -j**3 + 2*j**2 + 4*j - 9. Let s(f) = 4*c(f) - 7*k(f). List the prime factors of s(-4).
5, 79
Let d(r) = 3*r**2 - 15*r - 464. What are the prime factors of d(43)?
2, 7, 317
Suppose a - 9411 = -i, -5*i - 4*a + 39718 = -7342. What are the prime factors of i?
2, 11, 107
Let l(m) = 247*m**2 + 175*m + 1804. List the prime factors of l(-10).
2, 12377
Let b = 3381 - 822. What are the prime factors of (3 + 1 - 3)/(3/b)?
853
Suppose -134777 = -37*n + 89386 + 57703. List the prime factors of n.
2, 13, 293
Let x be 1 + (2 - 12)*1. Let l(w) = -1987 + 1985 - 2*w**3 - 20*w + 6*w**3 + 10*w**2 - 3*w**3. What are the prime factors of l(x)?
7, 37
Suppose 5*c = 7 + 3. Suppose 0 = -c*o + 26 - 24. What are the prime factors of ((1 + 74/1)/1)/o?
3, 5
Let a = -422 + 1893. Suppose -2*f - a = -3*u, -f = -3*u + 4*u - 487. What are the prime factors of u?
3, 163
Let q(c) = -21*c + 205. Let w be q(10). What are the prime factors of (2368/10)/((-2)/w)?
2, 37
Let w(n) = -2*n**2 - 35*n + 20. Let s be w(-18). Suppose -p + 1021 = s*k + 221, -2*k - 10 = 0. List the prime factors of p.
2, 3, 5
Suppose 17*w - 17021 = 14*w + 4*k, -4*w - 5*k + 22705 = 0. What are the prime factors of w?
5, 227
Suppose -3*g - 363 = -1263. Suppose x - 827 = g. What are the prime factors of x?
7, 23
Suppose 3*n - 13 = 2, 0 = f + 3*n - 114. Let v be (1 - f) + 2*12/(-8). Let w = -61 - v. What are the prime factors of w?
2, 5
Let l be (-21)/(-42) + (2 - (-14)/(-4)). What are the prime factors of -9 + (l - 69)/(-5)?
5
Let i(h) = -158*h + 90. List the prime factors of i(-79).
2, 7, 449
Suppose 96*n + 25*n - 7505006 = -989156. List the prime factors of n.
2, 3, 5, 359
Let c = 23968 + -14098. List the prime factors of c.
2, 3, 5, 7, 47
Let a(f) = 8*f + 9. Let p be a(4). Let g = p + -41. What are the prime factors of 4 + 85 + g + 0?
89
Let z(n) = -4 + 115*n - 11 + 98 - 124*n. List the prime factors of z(6).
29
Let p(d) = -4*d - 106. Let j be p(21). Let y = 667 + j. What are the prime factors of y?
3, 53
Let o be (2/(-8) - 490/(-8))*-6. Let r = 438 + o. What are the prime factors of r?
2, 3
Let n(c) = 21*c**2 - 16*c - 23. Let o be n(-7). Suppose -2*t = p - 4*t - 1118, p + 3*t = o. What are the prime factors of p?
2, 13, 43
Let i(r) = -6*r**3 - 20*r**2 + 14*r + 3. Let u(d) = -7*d**3 - 18*d**2 + 15*d + 4. Let t(y) = 5*i(y) - 6*u(y). List the prime factors of t(5).
37, 43
Let o be 1 - (-8)/((-64)/(-28136)). Let n = o + -2065. List the prime factors of n.
1453
Let b = -1477 + 5224. List the prime factors of b.
3, 1249
Suppose -1389 = -5*t - 154. Suppose -278 = -2*i - 0*i - 3*y, 0 = 3*i - 3*y - 417. Let n = t - i. List the prime factors of n.
2, 3
Let z = -55513 - -81940. What are the prime factors of z?
3, 23, 383
Let t = -378 + 380. List the prime factors of (t + 23/(-2))*(64 - 70).
3, 19
Let o = 11 - 2. Let c be 1*5 + (6 - o). Suppose 3*j - 870 = -c*j. List the prime factors of j.
2, 3, 29
Let l = 28 + -33. Let z = -240 + l. Let v = z - -394. List the prime factors of v.
149
Let x(p) = p**2 - 25*p + 53. Let j be x(23). Suppose m = 4*y, j*y = 2*m + 2*y - 3. Let h = 3 + m. What are the prime factors of h?
7
Let t = -124 - -128. Suppose -4*v + t*r + 220 = 0, -3*r - 7 = v - 42. List the prime factors of v.
2, 5
Let d = 150660 - 91254. What are the prime factors of d?
2, 3, 9901
Suppose 0 = -o - 5*b - 20, 2*o - 2*b + 65 = -7*b. What are the prime factors of ((-1431)/o)/(3/(-30)*-1)?
2, 3, 53
Let g be 15/2*(-36)/5. Let c = g - -58. List the prime factors of c/12*4*48*1.
2
Suppose 47 = 13*z - 109. Let g be 7 - z*(-3)/(-9). Suppose -g*v + 335 = -442. List the prime factors of v.
7, 37
Let l(p) = -p**2 - 13*p - 29. Let g be l(-9). Suppose -3*w = -g*b + 9*b - 154, -b = -5*w + 261. What are the prime factors of w?
2, 13
Let g(p) = 14*p + 68 + 9*p - 2*p - 128*p**2 + 12*p + 376*p**2. List the prime factors of g(-2).
2, 7, 71
Suppose 4*i = -3*z + 96702 - 19721, 2*i = 3*z - 76975. What are the prime factors of z?
3, 2851
Let p = 5299 + -5194. What are the prime factors of p?
3, 5, 7
Suppose -8 = -4*u, 4*r + 5*u = 3*r + 10. List the prime factors of (384/(-10))/((-9)/120 - r).
2
Let d = 87 - 83. Suppose 3*o - 6*o + d*a + 946 = 0, -a = -3*o + 952. Suppose 5*w + o - 1033 = 0. List the prime factors of w.
11, 13
Suppose -127800 = -2*y - 2*r - 34620, -3*y = -4*r - 139777. List the prime factors of y.
46591
Let m be (977 - -8)*((-13)/(-5) - 3). Let h = m - -193. What are the prime factors of (-12)/8 + h/(-2) + 2?
101
What are the prime factors of (17/5)/(-15*14/(-1050))?
17
Suppose 0 = -3*f + 4*f - 3*t - 208, -5*f + 5*t = -1010. Suppose 4*z = 2*r - 3*r + 835, -z + 3*r = -f. What are the prime factors of z?
2, 13
Suppose -4*k = -8, -k + 10812 = 5*w - 39535. List the prime factors of w.
10069
Let p(f) = 3*f**2 - 4*f - 9. Let n be p(-2). Let b(k) = 9*k - 2 - n - 7 - 4. What are the prime factors of b(5)?
3, 7
Let g(z) = -58*z - 84. List the prime factors of g(-75).
2, 3, 79
Let v(i) = 26*i**3 + 13*i**2 - 30*i - 5. What are the prime factors of v(6)?
17, 347
Suppose 4*s - y = 18856 + 6422, 12650 = 2*s + 5*y. List the prime factors of s.
2, 5, 79
Suppose 5*v = 11*v - 2736. Let q = v - 322. Let l = q + -56. What are the prime factors of l?
2, 3, 13
Let k be (-2 + -1)*(-49)/21. Suppose 0 = k*y - 1997 - 3239. List the prime factors of y.
2, 11, 17
Suppose -21*q = -12429 - 24510. Suppose -15*g - q = -9934. What are the prime factors of g?
5, 109
Suppose 10*x - 2476 = 6*x. Suppose 3*d - o - 271 = x, 5*o + 910 = 3*d. Suppose 2*z = 6*z - l - 243, 5*z - d = 3*l. List the prime factors of z.
2, 31
Let u be (5 - (4 - 0)) + (-4)/(-2). Suppose 61 - 64 = -u*l. What are the prime factors of l - (-1)/(2/186)?
2, 47
Suppose 4097 = -25*m + 42*m. Suppose 0 = 2*w + 161 + 15. Let r = w + m. What are the prime factors of r?
3, 17
Let g(w) = -6*w**3 - 29*w**2 + 8*w - 17. Let k(c) = 2*c**3 + 10*c**2 - 3*c + 6. Let j(v) = -6*g(v) - 17*k(v). What are the prime factors of j(4)?
2, 3, 17
Suppose -9*m + 5*m = 0. Let k(f) = -f + 258. List the prime factors of k(m).
2, 3, 43
Let r = -1 + 1. Suppose -8 = -r*u - 4*u. Suppose -u*m = -5*b - 86, -b - 172 = -4*m - 3*b. What are the prime factors of m?
43
Let f be ((-8)/6)/(-2) - (-5043)/9. Suppose -16*w = -4433 + f. List the prime factors of w.
2, 11
Suppose -n = 4, 7*n = 5*h + 3*n - 16. Let x be (-14)/(-5) + 2/20*2. Suppose 3*r = 4*v + 425, h*r - 575 = -4*r - x*v. What are the prime factors of r?
11, 13
Let w(b) = -14*b - 3. Let y be w(1). Let m = 21 - y. Suppose 123 - m = s. What are the prime factors of s?
5, 17
What are the prime factors of 124893/3 - 21*-1?
2, 3, 13, 89
Let f(v) = -v**2 + v + 1. Let i(q) = -7*q**2 + 3*q + 5. Let g(m) = 6*f(m) - i(m). Let k be g(0). What are the prime factors of (9/(-12))/(k/(-224))?
2, 3, 7
Suppose 5*f - 186 = -m + 908, 4*m = 5*f + 4251. Suppose -13*y = m - 4670. List the prime factors of y.
277
Suppose 0*v + 3*v - 2*a - 20653 = 0, 3*v = -2*a + 2